q + 2*d - 32 = -d, -5 = -q - n*d. What are the prime factors of q?
7
List the prime factors of -138*(-1 - (-2)/4).
3, 23
Let l(s) = -s**3 + 3*s**2 + 2. Let g be l(3). Suppose 2*q + g*q = 16. List the prime factors of q.
2
Let q(k) = k**2 + 7*k + 6. Let x be q(-6). Suppose -4*u + 8 + 0 = x. Suppose -u*t = -20 + 2. What are the prime factors of t?
3
Let y = -4 + 7. Suppose 0*u + 4*u + 2*g - 22 = 0, -2*u + 21 = y*g. List the prime factors of u.
3
Suppose -5*f + 0*f - 25 = 0, 0 = -3*o - f + 10. Suppose 0 = -o*n + 2*z + 230, 4*n = -0*n + 5*z + 201. List the prime factors of n.
2, 11
Let q = -53 + 76. What are the prime factors of q?
23
Suppose -114 = -3*y + q - 4*q, y - 4*q = 28. List the prime factors of y.
2, 3
Suppose 0*k = 2*k - 8. Suppose -1 - 19 = -k*z. Suppose 67 = 3*q - n, -2*n + z*n = -3. List the prime factors of q.
2, 11
Let z = 12 - 10. Suppose 0 = -z*d - 0*d + 78. What are the prime factors of d?
3, 13
Let s = 61 + -29. List the prime factors of s.
2
Let a be (2 - 0)/(2/4). List the prime factors of (a/(-5))/(6/(-90)).
2, 3
Suppose -4*v + 5*c + 632 = 0, 0 = v - 5*c + 16 - 174. Let a = v + -110. What are the prime factors of a?
2, 3
Let j(s) = 7*s - 2. What are the prime factors of j(8)?
2, 3
Suppose -93 = -4*w + w. List the prime factors of w.
31
Suppose 102 = 2*p + 522. Let s be 4/(-10) + p/(-25). Let d = s + -4. List the prime factors of d.
2
Let n = -8 - -22. Let i be 18/(-24) + n/8. Let v = 9 + i. What are the prime factors of v?
2, 5
Suppose 2*z + 3*z - 75 = 0. What are the prime factors of (13 + 2)*18/z?
2, 3
Let n be (-38)/9 + 2/9. List the prime factors of (n/(-8))/(3/216).
2, 3
Suppose 4*p + 15 = p. Let q = p + 8. Suppose q*z + 4*y = -0*z + 38, z + 5*y - 9 = 0. List the prime factors of z.
2, 7
Let c = 122 + -23. List the prime factors of c.
3, 11
List the prime factors of ((-6)/(-5))/(14/35) - -189.
2, 3
Suppose -2*n + 87 = 19. List the prime factors of n.
2, 17
Suppose 5*a - 5 = -4*y, 3*a = -3*y + 4*a + 18. Suppose -7*x = -y*x - 6. Suppose -x*f + 8*f = 95. List the prime factors of f.
19
Suppose i - 113 = 6. List the prime factors of i.
7, 17
Suppose -6*v = -3*v + 6. Let b = v - -3. Suppose -2*g - r = -8, -8 + b = -g - 2*r. What are the prime factors of g?
3
Suppose -12*c = -16*c + 704. List the prime factors of c.
2, 11
Let b be 2/(-3)*15/10. Let u = b - -5. List the prime factors of u.
2
Let z be 8/3*(-15)/(-10). Suppose -6*t + 4*t = -2*g + z, -2*t = 3*g + 4. Suppose -27 = 4*m - 8*m + q, g = -2*m - 3*q + 17. What are the prime factors of m?
7
Suppose 2*s + s = -45. Let j = -11 - s. What are the prime factors of j?
2
Let z = -28 + 58. List the prime factors of z.
2, 3, 5
Let p(i) = -i**2 + 7*i + 9. Let j(o) = 6*o**2 - o. Let z(h) = -6*h**2 + h. Let b(v) = 5*j(v) + 4*z(v). Let m be b(-1). List the prime factors of p(m).
3
Suppose -2*s = -6 - 0. Let v be 10/((-1 - 0) + s). Suppose 5*z + 0*z - 43 = -4*w, 3*z + v*w = 18. List the prime factors of z.
11
Let n = -36 + 17. Let f = -9 - n. What are the prime factors of f?
2, 5
Let g = 10 + -8. Suppose -r = -g*r - 3, -z = 4*r - 4. List the prime factors of z.
2
Let h(i) = -7*i**2 - 2*i - 3*i + 6 - i**3 - 3*i. List the prime factors of h(-6).
2, 3
Let t(b) = b**3 - 7*b**2 - 7*b - 9. Let k be t(8). What are the prime factors of 22 - (3/3)/k?
23
Let m = -6 + -1. Suppose -6*p + 143 = 17. Let h = p + m. List the prime factors of h.
2, 7
Let u(c) = 4*c**2 + 2*c + 2. Let h be u(-2). Let s = 29 - h. List the prime factors of s.
3, 5
Let g be 2/(42/9 + -4). Suppose w + 7 = -2*d, 0 = w - 0*d - 5*d - 14. List the prime factors of w/g + (-112)/(-12).
3
Let t(j) = 2*j**2 + 7*j + 10. List the prime factors of t(-4).
2, 7
Let n(j) = j**2 + 9*j + 8. List the prime factors of n(-14).
2, 3, 13
Let r(l) = 15*l - 2. Let w be r(2). Suppose 0 = 3*j - x - 47, 3*x - w = -3*j - 1. What are the prime factors of j?
2, 7
Let z(s) = -s + 1. Let k be z(-1). Let j(h) = h**3 + h**2 + 2. What are the prime factors of j(k)?
2, 7
Let p(o) = -4*o**2 + 1. Let l be p(2). Let y = l - -37. Let n = y + -15. List the prime factors of n.
7
Let s(i) = i**2 - 5*i + 2. Let x be s(5). Let w = x + 17. What are the prime factors of w?
19
Let w(y) = y**3 - 6*y**2 + 4*y + 7. Suppose 4*s + 41 = 5*v, -2*s = -5*v - 0*v + 33. Let f be w(v). List the prime factors of 1*((1 - f) + 8).
7
Let a = -559 + 804. Suppose 0 = -2*f, -7*k + f + a = -2*k. What are the prime factors of k?
7
Suppose -4*g + 6 = -2. Suppose g = i - 3. What are the prime factors of i?
5
Let d be (0 - (5 + -2)) + 51. Suppose 5*k = d + 42. What are the prime factors of k?
2, 3
Let j = 10 - 14. Let c be (-2)/8 + 1/4. Let o = c - j. List the prime factors of o.
2
Let h = 10 - -13. Suppose 4*o - 4*g + h = -5, -3*o - 45 = 5*g. Let b(x) = -x - 4. List the prime factors of b(o).
2, 3
Let q = -188 + 269. What are the prime factors of q?
3
Let v = 43 - 11. List the prime factors of v.
2
Let o(q) = -q**2 - 8*q. Let x be 1/(-2) + (-11)/2. List the prime factors of o(x).
2, 3
Let s = 150 - 82. List the prime factors of s.
2, 17
Suppose -2*f - 1238 = -3*w, 3*w - 3*f - 134 - 1099 = 0. What are the prime factors of 2/11 - w/(-11)?
2, 19
Suppose -5*d + 3*f - 387 = 273, 5*d + 665 = 4*f. Let a = -86 - d. List the prime factors of a.
43
Let t(j) be the third derivative of j**6/120 + j**5/12 + j**4/12 + 2*j**3/3 - 5*j**2. Let q be -1*2 + 4/(-2). What are the prime factors of t(q)?
2, 3
Suppose -4*q - 93 = -3*u + 5, -70 = -2*u - 2*q. Suppose -3*s + 4 = 5*x - u, 8 = -4*x. What are the prime factors of s?
2
Suppose o + 3*j + 18 = 4*o, -2*o - 2*j = 8. Suppose 2*l + o = -c + 4, -l = -2*c - 9. What are the prime factors of l?
3
Suppose 2*k = -3*y + 53, 0 = -3*k - 0*y + 2*y + 86. List the prime factors of k.
2, 7
Let t(r) be the second derivative of r + 0 - 1/3*r**3 - 3/2*r**2. What are the prime factors of t(-4)?
5
Suppose -3*z + z - 4 = 0, 2*g + 3*z = 32. What are the prime factors of g?
19
Let y = -11 + 53. What are the prime factors of y?
2, 3, 7
Let k(u) = -u**2 - 8*u - 1. Let i be k(-8). Let h = i - -5. Suppose -5 = -h*x + y, -4*y + 15 = y. List the prime factors of x.
2
Suppose 5*h - 242 = -7. Let w = h + -18. List the prime factors of w.
29
Let b = 125 - 312. What are the prime factors of ((-8)/2)/(22/b)?
2, 17
Let q(p) = p**3 - p - 25. Let x be q(0). Let b be (-16)/(-10)*x/(-10). Suppose g + 45 = b*g. What are the prime factors of g?
3, 5
Suppose -2 = -2*k + 2. What are the prime factors of k + (3 - 30/(-3))?
3, 5
List the prime factors of 58/1 + 10/(-5).
2, 7
Let r(b) = b**3 + 6*b**2 - 4*b - 2. Suppose -4*n = 27 + 21. Let s(j) = j**2 + 13*j + 6. Let g be s(n). List the prime factors of r(g).
2, 11
Let m be (-10)/(-4)*24/15. Let x = m + 8. Let z = x + -7. List the prime factors of z.
5
Suppose -3*w - n + 14 = -6*n, 0 = 5*w - n - 16. Suppose -4*u = 5 + 15, -38 = -w*p + u. What are the prime factors of p?
11
Suppose 3*w - 3*t - 11 + 2 = 0, t = 0. Let l(d) = d**2 + 5*d + 4. Let a be l(-4). List the prime factors of 1*(13 - a/w).
13
Suppose 3 = -3*s, 3*g - 2*s = 2*g + 11. Suppose -7 - 8 = -d + h, 2*h = -d + g. What are the prime factors of d?
13
Let r(j) = -j**2 - 15*j - 7. What are the prime factors of r(-10)?
43
Suppose 4 = -c - 0*c. Suppose 2*q = 3*q + 1. Let p = q - c. What are the prime factors of p?
3
Suppose -14*s - 228 = -16*s. What are the prime factors of s?
2, 3, 19
Let o be (2/(-6))/(2/(-12)). Suppose 0 = 2*x, 7*x + 4 = 2*l + 2*x. Suppose o*t - 10 = -l*q, q - 14 = 5*t + 3. List the prime factors of q.
7
Let c(a) = -6 + a**2 - 2 + 3*a + 2. What are the prime factors of c(-7)?
2, 11
Let d(h) = 31*h + 1. Let l be d(-4). Let v = -83 - l. What are the prime factors of v?
2, 5
Suppose -5*q - 15 = 0, 4*u + u = -4*q + 93. List the prime factors of u.
3, 7
Suppose -5*s = 4*q - 0*q - 47, -15 = -5*q. Suppose -9 = -2*d + 5*j, 5*d = -5*j + 2*j + s. Suppose -3*a + 3 = -d*a. What are the prime factors of a?
3
Let v = 0 - -5. Suppose -v - 1 = -k. Let a = 5 + k. What are the prime factors of a?
11
Suppose 0 = 4*r + 5*o + 116, -r - 10 = 2*o + 22. Let n be 6/(-15) - r/10. Suppose n + 12 = y. List the prime factors of y.
2, 7
Suppose -d = -5*a + 151, -9 - 10 = -a + 3*d. What are the prime factors of a?
31
Let q(b) = 2*b**2 + 16*b + 3. List the prime factors of q(-13).
7, 19
Let s(l) = 5*l**2 - 4*